18 + 61 = h - 5*r, 5*h - 75 = -i*r. Let t be 0*(-2)/4 + 18. Calculate the highest common factor of t and h.
18
Let y(g) = -g**2 - g + 16. Let k be y(0). Suppose c - 3*v - 24 = 0, -c + 2*v = -2*c + 24. What is the greatest common factor of c and k?
8
Let v be (-1)/(1/(-4) + 10/50). Let u = -1 + v. What is the greatest common divisor of u and 209?
19
Suppose -5*s - 25 - 11 = -4*i, -3*s = 3*i - 54. Suppose -6*w + 24 - 12 = 0. Suppose -w*a - 4*a + 672 = 0. Calculate the greatest common factor of a and i.
14
Let c be ((-3)/5)/((-30)/100). Suppose c*h = -3*u, -4*u + 14 = -4*h + 2*h. Calculate the highest common divisor of u and 2.
2
Let p(u) = u**2 + 6*u + 5. Suppose -13 + 7 = -w. Let v be p(w). Let x(o) = -o**2 + o + 11. Let k be x(0). Calculate the highest common factor of v and k.
11
Suppose 3*y = d - 6*d + 95, 2*d = -4*y + 136. Calculate the highest common divisor of y and 385.
35
Let j = -138 + 322. What is the highest common divisor of 8 and j?
8
Let l = -368 - -372. What is the greatest common divisor of l and 524?
4
Suppose -6 = -6*p + 6. Let h be 9 - 1 - -3*p/(-3). What is the highest common divisor of h and 4?
2
Suppose 76*c = 66*c + 750. What is the highest common factor of 200 and c?
25
Let v = 5 - 2. Suppose -v*r = -55 + 4. Let q = 30 - r. What is the highest common divisor of q and 91?
13
Suppose 120 = 2*z + z. Let b be (-1)/3 - 96/(-18). Let u = 5 + b. Calculate the highest common divisor of z and u.
10
Suppose -2*t - t + 8646 = 0. Let d be t/121 - 2/(-11). Suppose n - 47 = 25. Calculate the highest common factor of d and n.
24
Suppose -17*m = 28*m - 1440. Calculate the greatest common factor of m and 800.
32
Suppose -5*j + 2*j + 12 = 0. Suppose -2*s = -s + j*k + 313, -4*k + 297 = -s. Let n = -137 - s. What is the highest common factor of n and 24?
24
Let h(d) = 11*d - 8 + 0*d**3 - 6*d**2 - d**3 + 0 - d. Let p be h(-8). Calculate the highest common factor of 8 and p.
8
Let p = -14 - -21. Suppose 38 = 5*q - p. Suppose -5*w = 4*b - 142 - 50, 3*w = 4*b + 96. Calculate the highest common factor of w and q.
9
Let r(c) = 4 - 3*c**2 + 6*c**2 - 2*c - 3 + 4*c**2. Let h be r(1). Calculate the greatest common factor of h and 4.
2
Let q(y) = -2*y**3 + y**2 - 2*y - 4. Let u be q(-2). Suppose 0 = r - 5*r + u. Let d = 14 - r. Calculate the highest common factor of 1 and d.
1
Suppose 760 = 6*v + 13*v. Calculate the greatest common divisor of v and 128.
8
Suppose 0 = l + 4*i - 20, 0 = 4*l + i - 49 - 16. Let c = -16 - -14. Let q be 15/10 - c/4. Calculate the greatest common factor of q and l.
2
Suppose v - 28 = -2*f, 3*f + 9 = 3*v + 33. Let s(n) = n + 5. Let z be s(0). Suppose z*l = l + 384. What is the greatest common factor of f and l?
12
Suppose 868 = 11*v - 782. Calculate the highest common factor of v and 6.
6
Let u = 64 - 44. What is the greatest common divisor of 320 and u?
20
Let b be 12/(2/(2 + 3 + -2)). What is the highest common divisor of b and 126?
18
Let b be (114/8)/((-10)/(-40)). Calculate the greatest common divisor of 3 and b.
3
Suppose -8*f - 4*f = -12. Let z be 20 - (0 - (0 - -2)). Let m = z + -13. Calculate the highest common divisor of f and m.
1
Suppose 3*v - 8*c - 54 = -12*c, 2*c = -2*v + 38. Calculate the greatest common factor of 209 and v.
11
Let f(t) = -t**3 - 6*t**2 - 2*t - 7. Let s be f(-6). Suppose 5*p = -0*p + 5, 0 = -3*c + 2*p + 13. What is the highest common divisor of s and c?
5
Suppose 5*x + 9*w - w = 79, -2*x + 5*w = -7. Calculate the highest common factor of x and 1903.
11
Suppose 10*p - 29469 = -9*p. Calculate the highest common divisor of 33 and p.
33
Let q(k) = -4 - 5 + 4*k**2 + 8. Let w be q(-1). What is the greatest common factor of 3 and w?
3
Suppose -4*v - 47 = -5*v + 4*b, -2*v + 64 = -2*b. Let n(c) = c**2 - c + 7. Let p be n(-4). Calculate the highest common divisor of p and v.
27
Suppose 0 = 8*n + 2 + 14. Let o be n/(-4 - (-206)/52). What is the highest common divisor of 39 and o?
13
Suppose i - 6*i - 2*c + 187 = 0, 5*i + 4*c - 179 = 0. Suppose a - i = -7. What is the highest common divisor of 8 and a?
8
Let d(a) = 4*a + 1. Let p(l) = -l**3 - l**2 + 2*l - 2. Let h be p(2). Let m be d(h). Let z = -21 - m. Calculate the highest common divisor of 6 and z.
6
Let q be -1 + 4 + (0 - 28). Let z = q + 36. Let w = 55 - 0. Calculate the greatest common factor of w and z.
11
Suppose -15*v = -3*u - 14*v + 59, -2*u + 58 = 4*v. Calculate the greatest common divisor of 28 and u.
7
Suppose -3539 + 3603 = 8*a. What is the highest common factor of 208 and a?
8
Let o be 0 + (-18)/(-4) + 36/(-24). Suppose -15 = -o*g + 30. Calculate the greatest common divisor of 3 and g.
3
Suppose -9 = -4*p + 5*q, 0 = 5*q - q + 4. Let t be (-8 - -23)/(p/7). What is the highest common factor of 21 and t?
21
Let t(l) = 37*l**3 + 2*l**2 + l - 2. Let m be t(2). What is the highest common divisor of 16 and m?
16
Suppose 10*i - 15 = 5*i. What is the highest common divisor of 348 and i?
3
Let g = -1647 + 1681. Calculate the highest common factor of 1054 and g.
34
Let v(s) = 26*s - 15. Let y be v(-6). Let q = y - -259. Suppose 34 = 2*f - 3*n, 0 = f - 4*n - 16 - 11. What is the highest common factor of q and f?
11
Suppose -4*g = o + 52, 3*g + g = -5*o - 52. Let i = 20 + g. Suppose -x + 3*b + i = 0, -4*b = -0*x + x - 7. Calculate the highest common factor of x and 49.
7
Let s be (2 + -2 - 4) + 3. Let m be s/(-2*2/60). Let a be 6/m + 528/30. What is the highest common divisor of 45 and a?
9
Suppose -6 = -q + 8*t - 7*t, 5*q = -t + 6. Suppose q*f - 5*j = 43, -3*j + 12 = 2*f - 7. What is the highest common factor of 49 and f?
7
Let t(p) = -97*p + 1. Let r(o) = -24*o. Let u(d) = -9*r(d) + 2*t(d). Let w be u(3). Suppose -372 = -5*b + w. Calculate the greatest common factor of 11 and b.
11
Let u be (129 - -1) + (2 - 2). Suppose 46 - 480 = -62*m + 186. Calculate the greatest common factor of m and u.
10
Suppose 10 = o - 3*o + 2*c, -4*c + 4 = 0. Let z be ((-9)/o)/((-7)/5516). Let k be z/(-21) + (-15)/35. What is the highest common factor of 12 and k?
12
Let t(k) = -k**3 + 36*k**2 - 95*k - 72. Let h be t(33). What is the highest common factor of 210 and h?
30
Let d be (-12)/(-4)*20330/(-15). Let x be 30/165 + d/(-22). Calculate the highest common divisor of 74 and x.
37
Suppose -5*b + 5*u + 65 = 0, -5*u + 84 = 5*b + 9. Let w(n) = -n**2 + 14*n + 14. Let q be w(14). What is the highest common divisor of q and b?
14
Suppose -2*h = y - 35, -h + y - 5 = -3*y. What is the highest common divisor of 1320 and h?
15
Let m = -1012 - -1062. Calculate the highest common divisor of m and 50.
50
Suppose -4*x + 492 = -8*x. Let v = x + 175. What is the greatest common divisor of 130 and v?
26
Let n = -6 - -17. Suppose 2*g - 5 + 15 = 0. Let s = g + 104. What is the greatest common factor of s and n?
11
Let m be 370/(-25)*5/(-2). Suppose -3*l + m + 101 = 0. Suppose -4*h = c - 276, 138 = 2*h + 3*c - c. What is the highest common divisor of h and l?
23
Let q = -256 - -156. Let d = q - -103. Suppose -4*z - 82 = -2*h, 9*z = 4*z - 20. Calculate the greatest common divisor of d and h.
3
Let t(x) = -x**3 - 5*x**2 - 4*x - 4. Let j be t(-5). Let z = -64 - -68. Calculate the highest common divisor of j and z.
4
Let z = -478 + 661. What is the highest common divisor of 244 and z?
61
Let z = 22 - 16. Let h be (3/z)/(3/12). Let i(s) = s**2 + 2*s - 6. Let p be i(4). Calculate the greatest common divisor of h and p.
2
Let u(i) be the second derivative of 3/2*i**3 + 1/6*i**4 - 1/2*i**2 + 10*i + 0. Let m be u(3). Calculate the highest common divisor of 4 and m.
4
Let l(f) = -10*f + 16. Let u(d) = d - 2. Let o(s) = -2*l(s) - 4*u(s). Let y be o(4). Calculate the highest common divisor of y and 4.
4
Suppose 0 = 2*p + p - 42. Let t(k) = -156*k**3 - 4*k**2 - 3*k - 1. Let x be t(-1). What is the highest common divisor of x and p?
14
Let z be (-1917)/(-8) + 66/176. Calculate the highest common factor of z and 640.
80
Let l = -270 - -283. Calculate the highest common divisor of 247 and l.
13
Suppose 2*y + 164 = 3*r + 2*r, -5*y = 4*r - 118. Suppose 0 = 4*c + 2*n - r, 2*c - 8 = -0*c - 5*n. Calculate the greatest common divisor of c and 81.
9
Let z(g) = 6*g + 3. Let f be z(10). What is the highest common factor of 252 and f?
63
Let j = 45 + -57. Let r be 12/(-66) - 6*j/33. What is the highest common fac